0*k + 6. Let a = -151 + 146. Is t(a) a composite number?
False
Let x = 995 - 993. Suppose 6*d - 2*d - 4*w = 34008, -d = -x*w - 8507. Is d composite?
True
Suppose 30*g - 172676 = -38400 + 69814. Is g prime?
True
Is (-13292622)/(-99) + (234/33 - 7) prime?
True
Let h(z) = 15634*z**3 - 5*z**2 + 59*z - 172. Is h(3) composite?
True
Let p be 0 - -28*(-1)/4. Is (-9930)/p + (-48)/84 prime?
False
Let u(p) = -45814*p + 55. Let w be u(1). Is w/14*(-30)/9 prime?
False
Suppose -i + 144639 = -4*h, -100*h - 289234 = -2*i - 103*h. Is i a composite number?
True
Suppose -5*w - 40 = -10*w. Suppose -w*v - 3*c = -4*v - 7208, 5405 = 3*v + 2*c. Is v a prime number?
False
Suppose 0 = 2*s - 10, 0*w - 3*w = -3*s - 22098. Let a = 8662 + w. Is a prime?
True
Let a(w) = 908*w**3 - 6*w**2 + 22*w - 103. Is a(5) a prime number?
True
Let z(k) = 265*k**2 + 1008*k - 54. Is z(35) composite?
False
Let m = -41 - -44. Suppose -3*j + 4*j - 2*b = 437, -2178 = -5*j + m*b. Let n = j - 178. Is n a composite number?
False
Suppose 894*x - 904*x = -1361470. Is x prime?
False
Suppose 2*r = -3*r + 12450. Let n be 7 - 4 - -3079 - (35 - 28). Suppose r = 21*a - n. Is a composite?
True
Let i be (2 - 1)/((-5)/(-10)). Let p be -1 - 1/(i/(-2))*3. Is p/((-6)/(-9)) - -468 a composite number?
True
Is (-7 - 704/(-99))*-9*-228731 a prime number?
True
Let t be 4 - (-92)/((-2)/(-1 - 1)). Suppose -107*b = -t*b - 11671. Is b composite?
False
Let t(y) = 7118*y**2 + 69*y + 311. Is t(-4) a composite number?
True
Suppose -4*f - 25 = 3. Let s(d) = -339*d + 10. Is s(f) composite?
False
Let q = -3864 + 9479. Let u = q - 3880. Is u a composite number?
True
Suppose -168 = -9*k + 4*k + 3*s, 5*k - 161 = -4*s. Suppose -k*t = -38*t + 37615. Is t prime?
True
Let d(u) = 352*u**2 + 78*u - 539. Is d(69) a composite number?
True
Let c(g) = 2*g - 12. Let s be c(6). Suppose s*u = -8*u. Suppose -4*k + 572 = -2*f, -3*k - 6*f + f + 429 = u. Is k composite?
True
Let k(g) = 313*g**3 + 3*g + 4. Let s be k(2). Let o = s - -935. Is o prime?
True
Is ((-595)/255)/(1/(-17007)) a composite number?
True
Suppose 15 = -5*h, -8*s = -6*s - 5*h + 43125. Let r = s + 30629. Is r a prime number?
True
Let j(r) = -42*r**2 - 6*r + 12. Let q be j(5). Let g be (1*(-1 + 0))/(12/q). Suppose 16*a - 17*a = -g. Is a composite?
False
Let g = -22825 + 78318. Is g composite?
True
Let k be -2*((-230)/8 + (-3)/(-12)). Let r(x) = k*x - 2*x**3 - 2166 + 2173 + 28*x**2 + 3*x**3. Is r(-24) a prime number?
False
Let a(h) = -h + 6. Let u be a(-19). Is (5/u)/(-2 + 23742/11870) a prime number?
True
Let z(i) = 26668*i - 815. Is z(12) a prime number?
True
Suppose 230*s - 186*s - 4335628 = 0. Is s a prime number?
False
Suppose -7*b - 5*u + 110 = -2*b, -3*b + 58 = u. Is (59005/(-15))/(-4 + 66/b) a composite number?
False
Suppose 0 = 27*b - 16*b - 44. Is b - 6/3 - -2043 a prime number?
False
Suppose -2*y = 3*k - 3790, 5*y = -5 - 0. Let r = 307 + k. Is r composite?
False
Suppose -q - 8 + 1 = -5*g, 3*q = -2*g + 13. Suppose -5*d + 38 = -4*r - g*d, -2*d = 3*r + 20. Let n(c) = -25*c - 9. Is n(r) a prime number?
True
Let a(d) = 17132*d**2 + 7*d - 4. Let i(w) = 17131*w**2 + 5*w - 3. Let h(v) = -2*a(v) + 3*i(v). Is h(1) composite?
True
Is ((-1554777)/(-84) + (-1)/4)/(0 - -1) a prime number?
False
Suppose 0*y + 3*y = -y + 219628. Is y a composite number?
False
Let w(o) = -2*o - 13. Let t be w(-5). Is (8 + -9)/((3/1889)/t) a prime number?
True
Suppose 1480*h - 32088 = 1456*h. Is h prime?
False
Let g(c) = -c**3 + 18*c**2 + 19*c + 2. Let o be g(19). Suppose 0 = -o*s - 0*t - 2*t - 1372, -2704 = 4*s - 4*t. Let k = s + 1160. Is k composite?
False
Let t = -1595 - -36198. Is t prime?
True
Let l be 6/(-18) - 76/(-3). Suppose -4*g + l + 111 = 0. Let b = 53 - g. Is b prime?
True
Let m(x) be the second derivative of 1061*x**6/720 + x**5/15 + 11*x**4/6 - 12*x. Let k(a) be the third derivative of m(a). Is k(1) composite?
False
Suppose 17*u = u + 32. Suppose 2*q + 4*l = 636 + 4286, 3*l = u*q - 4915. Is q prime?
True
Let v = 6136584 - 3880363. Is v composite?
True
Let m = -5076 + 107195. Is m prime?
False
Is (1 + (-3)/2)/((-257)/2893306) a prime number?
False
Let n(m) = 3*m + 1. Let g be n(1). Let z(c) be the second derivative of 49*c**4/6 - 4*c**3/3 + 5*c**2/2 - 94*c - 6. Is z(g) prime?
False
Let k be (-116)/(-10) + (-16)/(-40). Suppose 2*g = 18 - k. Suppose 5*o = 6*x - g*x + 1387, 2*o + 2*x = 558. Is o composite?
True
Let v = -24761 - -75432. Is v composite?
False
Let i(l) = 3395*l**2 + 2*l + 6. Suppose -162 = 18*d - 126. Is i(d) composite?
True
Let n = -341982 - -815881. Is n composite?
False
Let c = 46 + -44. Suppose 5 = c*v - g + 4*g, 0 = g + 3. Suppose -11*z = -v*z - 852. Is z a prime number?
False
Let k(y) = 117*y**2 + 23*y + 1. Let s be k(13). Suppose -6*d = -26829 - s. Is d a composite number?
False
Let t(h) = 96*h + 38. Let s be (4/(-9))/2 - (-330)/27. Let f be t(s). Let c = -813 + f. Is c prime?
False
Suppose 53*j = 54*j. Suppose 4 = 2*d, j = -5*z - 12*d + 14*d + 25191. Is z composite?
False
Let t = 5297 - 1224. Suppose -t = 27*z - 233870. Is z composite?
True
Suppose -28 = 3*l - 16, -2*k + 2*l = -155266. Is k composite?
True
Let j be -1 + (0 - 346/(-2)). Let g(q) = q**3 - 27*q**2 - 8*q - 77. Let o be g(28). Let k = o + j. Is k a composite number?
True
Is (7161212/12)/(((-71)/(-2130))/((-2)/(-20))) a composite number?
False
Suppose -215*n = -223*n - 184. Is 245 - (1 + -2) - (18 + n) a prime number?
True
Let p = 1415028 - 895949. Is p a composite number?
True
Let i(w) = -w**3 + 8*w**2 - 12*w + 35. Let t be i(7). Is (-49)/7*1973*(t + -1) a prime number?
False
Let h(v) = -16*v - 5 - 2 - 11 - 1 - 3*v**2. Let x be h(-20). Let f = 1678 + x. Is f a composite number?
True
Suppose -4*a + 12*m + 261268 = 16*m, -261304 = -4*a + 2*m. Is a prime?
True
Suppose 0*t + 4*t - 424 = 4*f, 5*t + 4*f = 512. Suppose 0 = 11*j - 4207 + t. Let d = -150 + j. Is d a composite number?
False
Is -2*3/12 + 3095799/42 a composite number?
False
Let u = 394 + -392. Suppose 14888 = u*t - 5*n - 5841, -4*t - 3*n = -41471. Is t a composite number?
True
Let g be ((-4)/6 - (-36)/108)*0. Suppose 7*w - 7223 - 2556 = g. Is w prime?
False
Suppose -3*l - 5*k = -9, -14 = -l + 3*k - 11. Suppose -2599 = -l*n - 0*n - 4*h, -4*n + 3461 = h. Is n a prime number?
False
Let s = 58218 - 39481. Is s a composite number?
True
Let o(d) = 11591*d - 11602. Is o(19) a prime number?
True
Suppose -l = 3*i - 13443 - 12455, -103547 = -4*l + 3*i. Is l a composite number?
False
Suppose -32355 - 15603 = -6*b. Is b a composite number?
False
Let p(o) = -o**3 + 13*o**2 + 17*o + 7. Let g be p(14). Is 102837/g + (-2)/(-7) composite?
False
Let i be 36/90 - (-16)/10. Suppose -4*y = -4*v + 28, -i = -2*v - 3*y - 3. Suppose -946 - 338 = -v*f. Is f a prime number?
False
Suppose 2*f = -6*v + 447310, 1118343 = 5*f - 24*v + 22*v. Is f composite?
False
Let j be 204/54 + (-4)/(-18). Suppose -24 = j*h + 288. Let s = 7 - h. Is s a composite number?
True
Let z = -11 - -6. Let r be -17020*(-4 + (-18)/z). Suppose 6*c = r + 8210. Is c a composite number?
False
Let k(q) = -71*q + 5. Let d be k(-3). Let f = d + 703. Is f a composite number?
True
Let i(y) = -8*y**2 + 26 + 23*y**3 - 8*y + 39*y**3 - 65*y**3. Let u = 21 + -30. Is i(u) prime?
True
Let f = 13154 - -23495. Is f prime?
False
Suppose 2*s + 0*s = -1578. Let g = 125 - s. Is (2/(6 + -2))/(1/g) a prime number?
True
Suppose 4*o + x + 4*x = -26, -3*o - 18 = 3*x. Let h(q) = 168*q + 15. Let a(g) = 169*g + 15. Let b(z) = -5*a(z) + 4*h(z). Is b(o) a composite number?
False
Let n(s) = 13*s**3 + 11*s**2 - 6*s - 185. Is n(19) prime?
False
Suppose n = 23*n. Let u(w) be the second derivative of w**3/2 + 785*w**2/2 + 15*w. Is u(n) composite?
True
Suppose -62*v + 55*v - 3857 = 0. Let s = 916 + v. Is s prime?
False
Let n(x) = x**3 - 18*x**2 - 3*x - 14. Let g(o) = -o**3 + 18*o**2 + 2*o + 13. Let a(c) = -5*g(c) - 4*n(c). Let v be a(15). Let m = v + 2215. Is m prime?
False
Suppose -55*n + 10*n - 86625 = 0. Let p = 3864 + n. Is p composite?
True
Let i = 97753 + 71098. Is i composite?
False
Suppose 98*w - 8211 = 95*w. Suppose w = -5*r + 7*r + 3*l, 5424 = 4*r - 4*l. Is r composite?
False
Let l be ((-18)/(-12))/(6/(-40)). Suppose -4*j - 4*z = -4, -4*z - 3 = 3*j - 9. Is (6340/l)/(0 + j) a composite number?
False
Let p(a) be the first derivative o